*2 - 21*a + 12. Let d(b) = -5*q(b) + 2*r(b). Determine d(-8).
-1
Let w(v) = v**2 + 0*v**2 - 3*v + 10*v + 0*v - 2. Let x be w(-7). Let r(s) be the first derivative of 2*s**2 - s + 5. Give r(x).
-9
Let n(q) be the third derivative of q**6/30 + q**5/30 - q**3/6 + 55*q**2 - 2*q. Give n(-1).
-3
Let o(t) be the second derivative of -t**5/20 + 5*t**4/6 + 2*t**3 - 5*t**2/2 + 3*t + 5. Calculate o(11).
6
Let u(d) = d**2 + 17*d + 3. Suppose -30*o = 587 - 77. Determine u(o).
3
Let o(k) = 46*k - 1 + 55*k - 105*k - 9 + k**2. Calculate o(7).
11
Suppose -2*w - 6 = 0, -11*w + 9*w - 16 = -k. Let t(x) = x**3 - 10*x**2 - 10. What is t(k)?
-10
Let z(d) = d**3 - 21*d**2 - 48*d + 55. Let k be z(23). Let c(b) = -b**3 + 9*b**2 - 2*b + 2. Give c(k).
-16
Let w(o) = -o**3 + 5*o**2 - 4. Let n(f) = -6 + 3*f - 16 + 11. Let q be n(5). What is w(q)?
12
Suppose -14 = -2*o - 0*c - c, 3*o = -4*c + 31. Let b(n) be the second derivative of -1/12*n**4 + 3/2*n**2 + 0 + 3*n + 5/6*n**3. Determine b(o).
3
Let s = 74 + -66. Suppose -5*u + 7 = -s. Let d(p) = -2*p**3 + 3*p**2 + 3*p - 1. Calculate d(u).
-19
Let m = -24 - -6. Let p = m + 20. Suppose -p*a = 5*l + 8, 3*l - 2*a + 10 = -l. Let b(z) = -2*z**3 - 2*z**2 + 2*z + 1. Give b(l).
5
Let i(v) = -3 - 2*v + 4 - 5*v. Let j = 200 - 198. Let s(g) = -28*g + 5. Let d(n) = j*s(n) - 9*i(n). Give d(-1).
-6
Let u(i) = 6*i**3 - 2 - 86*i + 171*i - 87*i. What is u(-1)?
-6
Let q(k) = 8*k**3 + 2*k**2 + 2*k + 1. Suppose d + 3*o - 5 + 0 = 0, 5*d - 6 = 4*o. Suppose 8 = d*s + 2*s. Suppose s*v + 15 = 13. Calculate q(v).
-7
Let t(v) = 18*v + 3. Let q be -6 - (-290)/(-116)*(-8)/5. What is t(q)?
-33
Let s(a) be the second derivative of a**7/2520 + 7*a**6/720 + a**5/120 + 5*a**4/6 - 38*a. Let d(o) be the third derivative of s(o). What is d(-7)?
1
Let h(d) = -2 + 7*d**2 - 4*d**2 + 0*d**2 - 5*d + 0*d - 2*d**2. What is h(3)?
-8
Suppose -4*f - 24 = z, 4 = z - 2*z. Let v(t) be the second derivative of t**4/6 + 7*t**3/6 + t**2 - t. Calculate v(f).
17
Let s(v) = -v**2 - 8*v + 1. Let f = 19 - 8. Suppose 42 = -f*c + 4*c. Give s(c).
13
Let y(u) = 13*u**2 + 4*u + 8. Let v(k) = 16*k**2 + 3*k + 7. Let g(z) = 4*v(z) - 5*y(z). What is g(-9)?
-21
Suppose -6*l + 10*l - 2*q - 28 = 0, -2*q = -2*l + 16. Let m be -3*(1/3 - 1). Let t(n) = 1 - m*n + n + 6*n**2 + 0 - n**3. Give t(l).
-5
Let n(o) = -2*o**3 - 4*o**2 + 6*o - 9. Let z(v) = v**3 - v**2 + 1. Let d(y) = n(y) + 3*z(y). Suppose -3*u + 2*t = -26, 3*u - t - 17 = 5. Calculate d(u).
-6
Let v(s) = s**3 - 6*s**2 - 7*s + 5. Suppose 0 = 12*t + 76 - 412. Suppose -3*i - i + t = 0. Determine v(i).
5
Let x(q) = q**2 + q. Let b(y) = -5*y**2 - 3*y - 3. Let u(r) = b(r) + 6*x(r). Give u(-4).
1
Let o(y) = y**2 + 14*y + 8. Let g be (-1)/((-84)/91 + 1). Calculate o(g).
-5
Let f(u) be the second derivative of 2*u**3/3 - 3*u**2 - 41*u. Suppose 4*r + 2*w = 28, -r = 8*w - 3*w - 25. What is f(r)?
14
Suppose -3*k = 4*w + 1, 4*w + 4*k - 3*k - 5 = 0. Let g(u) = -4*u**2 + u**3 + 2*u**2 + 3 - w*u**2 + 2*u. Let z be 11 - (-49)/(1 + -8). What is g(z)?
11
Let s(h) = h - 4. Suppose -8 - 17 = -5*r. What is s(r)?
1
Let x(g) = -g**3 + 27*g**2 + g - 28. Let y be x(27). Let f(b) = -8*b**2 + b + 1. What is f(y)?
-8
Let o(z) be the first derivative of -z**4/4 + 2*z - 13. Let q(n) = -n**3 + 14*n - 10. Let l be q(-4). What is o(l)?
10
Let l(m) be the second derivative of -11*m**5/20 + m**4/12 + m**3/6 + m**2/2 + m. Suppose 0 = -5*t + t - 3*w - 10, -3*t = -2*w - 1. What is l(t)?
12
Let q(d) = 8*d - 1. Let i(y) = -2*y**3 - y**2 + y + 1. Let v be 6/21 + 10/14. Let k be i(v). Give q(k).
-9
Let c(v) = -5*v**3 + 5*v**2 + 6*v + 5. Let y(l) = -4*l**3 + 5*l**2 + 5*l + 5. Let q(k) = -3*c(k) + 4*y(k). Give q(5).
15
Let x(a) = a**2 + 5*a + 7. Suppose -2*b + 10 = 3*b. Suppose b - 17 = 3*o. What is x(o)?
7
Suppose -24 = -3*w - 84. Let d = w + 23. Let a(l) = -5*l**d + l - 2 + 4*l**3 - 2*l**3 + l**2 + 4*l**3. Calculate a(2).
12
Suppose z + 7 = -2*q, 3*q + 17 = 8*z - 3*z. Let h(w) = -z - 418*w + 5 + 417*w. Suppose 2*t = -3*t. What is h(t)?
4
Let p(t) = -13*t + 3. Let u(m) = -m**3 + m**2 + m + 1. Let r be u(1). Calculate p(r).
-23
Let w(m) = -3*m**2 + 58*m - 13. Let h be (-276)/(-15) + (-154)/35 + 5. What is w(h)?
6
Suppose -3*z + q = -9, 9*q - 1 = z + 10*q. Let s(d) = 6*d**2 - 3*d. Determine s(z).
18
Let i(t) = 3*t + 10. Let j(a) = 4*a + 11. Let o(c) = 5*i(c) - 4*j(c). Let f be (10/(-4))/((-2)/4). Give o(f).
1
Let l(j) = j**2 - 18*j - 13. Let v(k) = -5*k**2 + 75*k + 54. Let t(z) = -9*l(z) - 2*v(z). What is t(-11)?
-2
Let w(z) = z - 5. Let j be -1*(-3 + 0 + 24). Let t = -10 - j. Suppose 15*k - t*k - 24 = 0. Calculate w(k).
1
Let h(s) be the first derivative of 9/2*s**2 - 8 + 1/6*s**3 - s. Let m(t) be the first derivative of h(t). Calculate m(-8).
1
Let n(y) = 25*y**3 - 5*y**2 - 19*y - 6. Let j(b) = -26*b**3 + 6*b**2 + 23*b + 7. Let c(w) = 5*j(w) + 6*n(w). What is c(1)?
20
Let b(l) = l**2 - 4*l - 1. Let x(y) = -17*y**3 + y**2 - y - 1. Let u be x(-1). Let a = u + -16. Calculate b(a).
-5
Let y be (-6)/21 - (-2 - 4/14). Let n(g) = 40*g - y - 40*g + g**2 - 6. Suppose 0 = 4*s - 7*s. What is n(s)?
-8
Suppose 144 = 5*x + 119. Let a(o) = o**2 - 5*o - 1. What is a(x)?
-1
Let x(l) = l**2 - 5*l - 10. Let w be x(7). Let z(r) = -2*r**2 + 4*r**2 - r + 1 - w*r - 3*r**2. Suppose 4*u + 24 = 8. Determine z(u).
5
Suppose -5*q - 6 + 211 = -4*t, 5*q + t - 205 = 0. Let y(v) = 20*v - v**2 + 17*v - q*v + 3. Determine y(2).
-9
Let u(y) = -y**2 + y + 5. Let n(x) = -2*x + 5. Let q be 2 + -3 - (-4 + 3). Let s be n(q). Give u(s).
-15
Let k(l) = -l**3 - l**2 + l + 1. Let p = -39 + 18. Let a = p - -19. Give k(a).
3
Let n(w) = -14*w + 1. Suppose 4 + 1 = -s. Let i(v) = 27*v - 2. Let x(p) = s*n(p) - 3*i(p). Let h be 6/24*12/3. Calculate x(h).
-10
Let w(f) = f - 2. Let n(d) = 14*d - 11. Let z(j) = n(j) - 6*w(j). Let c = 13 + -12. What is z(c)?
9
Suppose 0 = 8*c - 3 + 51. Let w(a) = a**2 + 3*a - 15. What is w(c)?
3
Let q(u) = -u**3 + 7*u**2 + u - 8. Let w be q(7). Let k(j) = 2*j + 1. Let r(p) = p**3 - p. Let v(b) = w*k(b) - 2*r(b). Let o = 139 - 141. Give v(o).
15
Suppose -9*z - 214*z + 24*z + 398 = 0. Let y(i) = 4*i + 2*i**2 - 3 - 2*i + 4*i**2. Calculate y(z).
25
Let t = -58 - -60. Let d(k) = 38 - 9*k - 39 + 6*k + k**t. Let b(y) = 2*y + 1. Let s be b(1). Calculate d(s).
-1
Let b(n) = n + 5. Let s(t) = t**2 + 26*t + 92. Let j be s(-22). Suppose -x = 2*u + 7, -j*x + 19 = 7. Determine b(u).
0
Let a(l) = -l**3 + 8*l**2 - 2*l + 6. Let q = 78 - 70. What is a(q)?
-10
Let x(l) = -3*l - 2. Let r(t) = -t**3 + 1. Let m(f) = f**3 - f**2 + f - 1. Let g be (-2)/2*(2 - -1). Let z(v) = g*r(v) - 4*m(v). Let k be z(3). What is x(k)?
4
Let k(p) = -p**3 + 8*p**2 - 3*p + 2. Let x(q) = -2*q**2 + 65*q - 24. Let n be x(32). What is k(n)?
-22
Let l(i) be the first derivative of i**6/120 - i**5/10 - i**4/24 - 4*i**3/3 + 23*i**2/2 - 18. Let a(z) be the second derivative of l(z). Determine a(6).
-14
Suppose 2*y - 94 = -74. Let o(f) = -2*f**2 + 23*f + 21. Let v(x) = x**2 - 12*x - 10. Let p(t) = 4*o(t) + 7*v(t). Give p(y).
-6
Suppose 0*a + 14*a = 28. Suppose 5*n + 21 = -9. Let c be 9/a - 3/n. Let v(f) = -f + 12. Calculate v(c).
7
Suppose 0 = 5*w - 3*h + 8, -3*h = -0*w + 4*w + 1. Let f(s) = 13*s**3 + 3*s + 2. What is f(w)?
-14
Suppose -6*q + 10*q + n = -11, 5*n + 5 = 5*q. Let r(k) = k**3 + 2*k**2 + 3*k + 3. What is r(q)?
-3
Let k(f) = f - 19. Let z(q) = q. Let j(l) = k(l) + z(l). Calculate j(7).
-5
Let i(d) = 2*d**2 - 10*d + 15. Let m be i(10). Let w = m - 117. Let p(r) = 6*r + 2. Give p(w).
-10
Let n(c) = c + 7*c - c**3 - 96*c**2 + 1 + 90*c**2 + 8*c. Give n(-8).
1
Let f(o) = 44 + 14*o + 16*o - 23*o - 3*o**2 - 38 - o**3. Let m be (8 - 2)*4/(-6). Give f(m).
-6
Let u(s) be the first derivative of s**4/24 + 2*s**3/3 - 5*s**2/2 + 4. Let x(y) be the second derivative of u(y). Suppose 5*b + 15 - 5 = 0. Determine x(b).
2
Let d(c) = 554*c + 18 - 553*c - 29. What is d(7)?
-4
Suppose 5*l + 3 = p + 2*p, -3*p + 3*l = -9. Let g(w) = 4*w - 13. Let c(n) = n + 2*n - 2*n - 1 + 0*n. Let b(t) = 3*c(t) - g(t). Calculate b(p).
4
Let d(j) be the second derivative of -j**3/6 - 7*j**2 + 187*j. What is d(0)?
-14
Let s = -3202 - -3200. Let w(z) be the second derivative of -z**4/6 + z**2/2 - 3*z. What is w(s)?
-7
Let o(u) be the second derivative of u**4/6 - u**3/6 + u**2 +